Let u be b(y). What is the greatest common divisor of u and 16?
16
Let l = 116 - 67. Let o(p) = -2*p**3 - p**2 + 3*p + 1. Let j be o(-2). Calculate the highest common divisor of j and l.
7
Suppose -11 = -o - l, l - 5 = -1. Let d(y) = 2*y. Let v be d(-3). Let k be (v/5)/(3/(-70)). Calculate the greatest common divisor of k and o.
7
Let g = -48 + 76. Calculate the greatest common divisor of 7 and g.
7
Suppose 9 = -9*t + 198. What is the highest common factor of t and 189?
21
Let c = 41 + -25. What is the greatest common divisor of 20 and c?
4
Let o be -2*-1*2/(-4). Let x(g) = -3*g - 4. Let n be x(-3). Let a = n + o. What is the highest common divisor of 4 and a?
4
Let y be (15/25)/(1/40). Suppose -5*f = -3*f - 6. What is the greatest common factor of f and y?
3
Suppose -4*h + 73 = -87. Let k be (-4)/(-10) + 4/(-10). Suppose k = -2*s - s + 24. Calculate the greatest common factor of s and h.
8
Suppose 167 - 17 = 2*b. Calculate the highest common divisor of b and 30.
15
Let p(q) = q**2 + 9*q + 10. Let a = -6 - -14. Let l(d) = -d**3 + 8*d**2 - d - 1. Let f be l(a). Let s be p(f). Calculate the highest common factor of 2 and s.
2
Let y = 24 + -12. Suppose -4*r + 12 + y = 0. What is the greatest common divisor of r and 66?
6
Suppose -17*g = -22*g + 75. What is the greatest common divisor of 135 and g?
15
Let f = -5 + 51. Let l = 203 + -134. Calculate the highest common divisor of l and f.
23
Let j(k) = -k**3 - 3*k**2 - 6*k - 12. Let u be j(-6). What is the greatest common factor of u and 12?
12
Suppose 5*g + 0*g = 15, 4*x + 5*g = 91. What is the highest common divisor of x and 19?
19
Suppose 23 - 2 = 3*i. Let c(n) = -n**3 + 9*n**2 - 8*n - 10. Let g be c(i). What is the greatest common factor of g and 4?
4
Let c be (-3)/(-9) + (-17)/(-3). Let z(d) = d**2 + 4*d. Let b be z(-5). Let t = c - b. What is the greatest common divisor of t and 1?
1
Let a(j) = -j - 10. Let m be a(-14). Let w be 13 - 4*m/(-8). Calculate the greatest common factor of w and 6.
3
Suppose 2*u - 35 - 43 = 0. Let v = -21 + u. What is the greatest common factor of 45 and v?
9
Let m be 2/4 + (-74)/(-4). Suppose 0 = -2*y - 5*y + 133. What is the highest common divisor of m and y?
19
Let y = 55 - 28. Suppose -3 = 8*q - 19. Suppose q*g - 4 = 4*r - 2, -1 = g - 4*r. What is the greatest common factor of g and y?
3
Let a be 93/2 + (-6)/4. What is the greatest common factor of a and 15?
15
Let x(c) be the first derivative of -c**3/3 - c**2/2 + 480*c - 2. Let z be x(0). Suppose -3*i = 105 - z. Calculate the highest common factor of 25 and i.
25
Let y = 0 + 5. Suppose 14 = 2*r - 0*r. Suppose 3*c + 60 = r*c. Calculate the highest common divisor of y and c.
5
Let u be -2*4/4 - -79. Calculate the greatest common divisor of 7 and u.
7
Let a be -6*1/(-18) + 47/3. What is the highest common divisor of 48 and a?
16
Suppose m - 144 = -0*m. Let t(f) = -4 + 7 + 2*f + f - 2*f. Let y be t(13). Calculate the highest common divisor of y and m.
16
Let j(h) = -h**2 - 8*h - 6. Let z be j(-6). Let o be ((-40)/z)/((-2)/6). Suppose -6 = 4*g - 22. Calculate the highest common divisor of o and g.
4
Suppose -m - 3 + 122 = 5*s, -3*s + 119 = m. Let a be (-5)/(-15) + m/3. Suppose a = 5*l - 60. Calculate the highest common divisor of 30 and l.
10
Let n be (-6)/4 - (-3 + (-65)/2). What is the greatest common factor of 51 and n?
17
Let u be 6/(-15) + (-24)/(-10). Suppose -u*a = -4*a + 18. Suppose 9*q = 4*q - 5*l + 50, 0 = 5*l - 20. What is the greatest common factor of a and q?
3
Let x be 10 - 8 - (1 + -23). What is the highest common factor of 36 and x?
12
Let r(z) = -z**3 - 11*z**2 - 11*z + 5. Let t be r(-10). Let x be ((-3)/(-2))/(t/220). What is the greatest common factor of x and 44?
22
Suppose 3*x - 32 = -4*z + 2*x, -2 = -2*z + 3*x. Calculate the highest common divisor of 28 and z.
7
Suppose y + b - 2 = 13, 2*b - 54 = -4*y. Let x be (-6)/(15/y + -2). Let k be 5 - -1*(-2 + 1). What is the highest common divisor of x and k?
4
Let t(y) = 2*y + 12. Let o be t(0). Calculate the greatest common factor of 108 and o.
12
Let q be 50*4/(-16)*-18. What is the highest common divisor of q and 25?
25
Let p = -76 - -108. What is the greatest common divisor of p and 80?
16
Let r(x) = 2*x. Let o be r(1). Suppose s - 3*u = 3, -2*u - 16 = 3*s + s. Let y be ((-4)/(-3) - 2)*s. What is the greatest common factor of o and y?
2
Let k be (5/3)/(4/12 + 0). What is the highest common factor of 40 and k?
5
Suppose 51 = o + 5*l, -2*o - 3*o + 120 = -2*l. Suppose -27*q + 39 = -26*q. What is the highest common factor of q and o?
13
Suppose -3*c + 6*l + 48 = 3*l, 0 = -5*c - 5*l + 120. Let r be 1/(2/(-2)) - -5. What is the greatest common divisor of c and r?
4
Suppose 4*w + 36 = -3*i + 5*i, -5*i + 90 = -4*w. Let l = -1 - -2. Let n be l/((-2)/(-4)) - -52. What is the greatest common divisor of i and n?
18
Suppose 92 = 2*k + 12. Let i = k - 27. Calculate the greatest common factor of i and 104.
13
Let o = -19 - -39. Let r be 6 + (-3 - (1 - 3)). Calculate the greatest common divisor of r and o.
5
Suppose 0 = -y + 2*l + 317, -2*y - l + 6*l = -632. Let a = -211 + y. What is the greatest common divisor of 44 and a?
22
Let g(v) = v**2 + 7*v + 6. Let q be g(-6). Suppose q + 2 = -2*y. Let i be (-10 + y)/(2 + -3). Calculate the highest common divisor of 77 and i.
11
Let c = 117 - 81. Calculate the highest common factor of c and 18.
18
Let q be -3*15/(-27)*3. Suppose -q*c = -10*c + 330. What is the highest common factor of 6 and c?
6
Suppose -3*q = -2*y + 13, 7*q - 2*q = -15. Let n(z) = 1 - 1 + 1 + y*z + 22*z**2. Let m be n(-1). Calculate the greatest common divisor of 231 and m.
21
Suppose -d + 36 = -2*t, 2*t + 16 = -4*d - 10. Let b = -25 - t. Let r be 3 - 2 - (-1 + b). Calculate the highest common divisor of r and 90.
10
Suppose -4*d + 182 - 706 = 0. Let c = 307 + d. Calculate the greatest common divisor of c and 22.
22
Let d(x) = x**2 - 7*x - 10. Let o be d(-6). What is the greatest common divisor of o and 34?
34
Let x be (2/6)/(10/90). Suppose -3*o + 5*d - 22 = 0, d = -4*o + x*d - 6. Calculate the highest common divisor of 2 and o.
1
Let k be (-2)/(-2) - (-21 - 0). Suppose 5*n + 15 = 0, -4*o - o - n = -k. What is the highest common divisor of 5 and o?
5
Let p = 4 - 1. Let c(m) = -4 + 4*m + 2*m**3 + 0*m**3 + m**2 - 8*m**2 - p. Let t be c(5). What is the highest common divisor of t and 8?
8
Let t(a) = a**3 + 5*a**2 - 3*a + 3. Let m be t(3). What is the greatest common factor of m and 22?
22
Suppose -2*f = -c - 21, 4*c - 7*c = -2*f + 15. Calculate the highest common divisor of 12 and f.
12
Let m = 28 - -4. What is the highest common divisor of 24 and m?
8
Let w(h) = 3*h - 7. Let y be w(5). Let m = y - 5. Suppose 0 = -m*o + 3 + 3. Calculate the highest common divisor of o and 6.
2
Let b(t) = 20*t + 16. Let f(q) = q + 1. Let r(h) = -b(h) + 16*f(h). Let l be r(-6). Calculate the highest common factor of 3 and l.
3
Suppose -3*r + 4*d - 24 = 0, -r + 4*d = r + 20. Let w be (r/6)/((-2)/3). Calculate the highest common factor of w and 3.
1
Suppose o + o - 28 = 0. Suppose -3*w - 5*n = -23 - 8, 17 = 3*w - 2*n. Suppose 0 = 7*y - 6*y - w. Calculate the greatest common divisor of o and y.
7
Let j(q) be the third derivative of -q**6/120 - q**5/12 - q**4/24 - 2*q**3/3 - q**2. Let f be j(-5). Calculate the highest common factor of f and 1.
1
Let h = 9500 + -6116. Suppose 3*v + h = -v. Let z be v/(-21) - (-2)/(-7). What is the highest common factor of 5 and z?
5
Let j be ((-3)/2)/(1/(-2)). Suppose j*o + 2*v - 63 = -v, -87 = -4*o - 5*v. Suppose -d - 4*d = -180. What is the greatest common factor of o and d?
18
Suppose -x = x - 90. What is the greatest common factor of 5 and x?
5
Let v be -1*4 + -4 + 36. What is the highest common factor of 224 and v?
28
Let t(i) = i**3 - 11*i**2 - i + 10. Let s be t(11). Let x be (14 - 1) + s + 2. What is the highest common divisor of x and 2?
2
Let u be (66/2)/((-2)/(-6)). Let m = -23 - -34. What is the highest common divisor of u and m?
11
Let b be (1 - -1)*-1 - 61. Let i be b/14*(-20)/3. What is the greatest common divisor of 20 and i?
10
Let s(z) = 3*z**3 - 3*z**2 + 1. Let r be s(2). Let d(b) = -2*b + 13. Let p be d(-13). What is the greatest common factor of r and p?
13
Suppose -3*l = 5*a - 15, 18 + 7 = 5*l - 4*a. Calculate the highes